{"id":1551,"date":"2024-11-11T18:21:20","date_gmt":"2024-11-11T17:21:20","guid":{"rendered":"https:\/\/jujutsu-rebecq.be\/?page_id=1551"},"modified":"2024-11-12T08:57:01","modified_gmt":"2024-11-12T07:57:01","slug":"ju-jutsu","status":"publish","type":"page","link":"https:\/\/jujutsu-rebecq.be\/index.php\/ju-jutsu\/","title":{"rendered":"Ju-Jutsu"},"content":{"rendered":"\n<div class=\"wp-block-columns is-layout-flex wp-container-core-columns-is-layout-9d6595d7 wp-block-columns-is-layout-flex\">\n<div class=\"wp-block-column is-layout-flow wp-block-column-is-layout-flow\" style=\"flex-basis:33.33%\">\n<figure class=\"wp-block-image size-full\"><img loading=\"lazy\" decoding=\"async\" width=\"229\" height=\"340\" src=\"http:\/\/jujutsu-rebecq.be\/wp-content\/uploads\/2015\/06\/ecusson-1.png\" alt=\"\" class=\"wp-image-85\" srcset=\"https:\/\/jujutsu-rebecq.be\/wp-content\/uploads\/2015\/06\/ecusson-1.png 229w, https:\/\/jujutsu-rebecq.be\/wp-content\/uploads\/2015\/06\/ecusson-1-202x300.png 202w\" sizes=\"auto, (max-width: 229px) 100vw, 229px\" \/><\/figure>\n<\/div>\n\n\n\n<div class=\"wp-block-column is-layout-flow wp-block-column-is-layout-flow\" style=\"flex-basis:66.66%\">\n<p>Le Ju-Jutsu est un art martial traditionnel japonais tirant ses origines des samoura\u00efs.<br>Il s&#8217;agit d&#8217;une m\u00e9thode de self-d\u00e9fense qui englobe une vari\u00e9t\u00e9 de techniques de combat, \u00e0 mains nues et avec armes, utilisant \u00e0 la fois les parades et esquives, les frappes, les projections, les luxations, les strangulations et les immobilisations, \u2026<\/p>\n<\/div>\n<\/div>\n\n\n\n<figure class=\"wp-block-gallery has-nested-images columns-default is-cropped wp-block-gallery-1 is-layout-flex wp-block-gallery-is-layout-flex\"><\/figure>\n\n\n\n<p class=\"has-text-align-center\"><strong>Nos horaires<\/strong><\/p>\n\n\n\n<div class=\"wp-block-columns is-layout-flex wp-container-core-columns-is-layout-9d6595d7 wp-block-columns-is-layout-flex\">\n<div class=\"wp-block-column is-layout-flow wp-block-column-is-layout-flow\">\n<p class=\"has-text-align-center\"><strong><em>Enfants<\/em><\/strong><\/p>\n\n\n\n<p class=\"has-text-align-center\">Lundi : 18h00 \u00e0 19h00<br>Vendredi : 18h30 \u00e0 19h30<\/p>\n<\/div>\n\n\n\n<div class=\"wp-block-column is-layout-flow wp-block-column-is-layout-flow\">\n<p class=\"has-text-align-center\"><strong><em>Adultes<\/em><\/strong><\/p>\n\n\n\n<p class=\"has-text-align-center\">Vendredi : 19h30 \u00e0 21h30<br>Dimanche : 10h30 \u00e0 12h30<\/p>\n<\/div>\n<\/div>\n\n\n\n<div class=\"wp-block-columns is-layout-flex wp-container-core-columns-is-layout-9d6595d7 wp-block-columns-is-layout-flex\">\n<div class=\"wp-block-column is-layout-flow wp-block-column-is-layout-flow\" style=\"flex-basis:33.33%\">\n<p><strong>Pieds-poings (Atemi-Waza)<\/strong><\/p>\n\n\n\n<p><\/p>\n<\/div>\n\n\n\n<div class=\"wp-block-column is-layout-flow wp-block-column-is-layout-flow\" style=\"flex-basis:66.66%\"><\/div>\n<\/div>\n\n\n\n<div class=\"wp-block-columns is-layout-flex wp-container-core-columns-is-layout-9d6595d7 wp-block-columns-is-layout-flex\">\n<div class=\"wp-block-column is-layout-flow wp-block-column-is-layout-flow\" style=\"flex-basis:66.66%\"><\/div>\n\n\n\n<div class=\"wp-block-column is-layout-flow wp-block-column-is-layout-flow\" style=\"flex-basis:33.33%\">\n<p><strong>Projections (Nage-Waza)<\/strong><\/p>\n\n\n\n<p><\/p>\n<\/div>\n<\/div>\n\n\n\n<div class=\"wp-block-columns is-layout-flex wp-container-core-columns-is-layout-9d6595d7 wp-block-columns-is-layout-flex\">\n<div class=\"wp-block-column is-layout-flow wp-block-column-is-layout-flow\" style=\"flex-basis:33.33%\">\n<p><strong>Sol (Ne-Waza)<\/strong><\/p>\n\n\n\n<p><\/p>\n<\/div>\n\n\n\n<div class=\"wp-block-column is-layout-flow wp-block-column-is-layout-flow\" style=\"flex-basis:66.66%\"><\/div>\n<\/div>\n\n\n\n<p class=\"has-text-align-center\"><strong>Programmes de passage de grades<\/strong><\/p>\n\n\n\n<div class=\"wp-block-buttons is-content-justification-center is-layout-flex wp-container-core-buttons-is-layout-16018d1d wp-block-buttons-is-layout-flex\">\n<div class=\"wp-block-button is-style-outline is-style-outline--2\"><a class=\"wp-block-button__link wp-element-button\" style=\"background-color:#FED766;color:#FCF7FF;\" href=\"https:\/\/jujutsu-rebecq.be\/wp-content\/uploads\/2023\/11\/Jaune-2023.pdf\" >Ceinture jaune<\/a><\/div>\n<\/div>\n\n\n\n<p><\/p>\n\n\n\n<div class=\"wp-block-buttons is-content-justification-center is-layout-flex wp-container-core-buttons-is-layout-16018d1d wp-block-buttons-is-layout-flex\">\n<div class=\"wp-block-button is-style-outline is-style-outline--3\"><a class=\"wp-block-button__link wp-element-button\" style=\"background-color:#FB5012;color:#FCF7FF;\" href=\"https:\/\/jujutsu-rebecq.be\/wp-content\/uploads\/2023\/11\/Orange-2023.pdf\" >Ceinture orange<\/a><\/div>\n<\/div>\n\n\n\n<p><\/p>\n\n\n\n<div class=\"wp-block-buttons is-content-justification-center is-layout-flex wp-container-core-buttons-is-layout-16018d1d wp-block-buttons-is-layout-flex\">\n<div class=\"wp-block-button is-style-outline is-style-outline--4\"><a class=\"wp-block-button__link wp-element-button\" style=\"background-color:#317B22;color:#FCF7FF;\" href=\"https:\/\/jujutsu-rebecq.be\/wp-content\/uploads\/2023\/11\/Verte-2023.pdf\" >Ceinture verte<\/a><\/div>\n<\/div>\n\n\n\n<p><\/p>\n\n\n\n<div class=\"wp-block-buttons is-content-justification-center is-layout-flex wp-container-core-buttons-is-layout-16018d1d wp-block-buttons-is-layout-flex\">\n<div class=\"wp-block-button is-style-outline is-style-outline--5\"><a class=\"wp-block-button__link wp-element-button\" style=\"background-color:#67AAF9;color:#FCF7FF;\" href=\"https:\/\/jujutsu-rebecq.be\/wp-content\/uploads\/2023\/11\/Bleue-2023.pdf\" >Ceinture bleue<\/a><\/div>\n<\/div>\n\n\n\n<p><\/p>\n\n\n\n<div class=\"wp-block-buttons is-content-justification-center is-layout-flex wp-container-core-buttons-is-layout-16018d1d wp-block-buttons-is-layout-flex\">\n<div class=\"wp-block-button is-style-outline is-style-outline--6\"><a class=\"wp-block-button__link wp-element-button\" style=\"background-color:#654236;color:#FCF7FF;\" href=\"https:\/\/jujutsu-rebecq.be\/wp-content\/uploads\/2023\/11\/Marron-2023-short.pdf\" >Ceinture marron<\/a><\/div>\n<\/div>\n\n\n\n<p><\/p>\n","protected":false},"excerpt":{"rendered":"<p>Le Ju-Jutsu est un art martial traditionnel japonais tirant ses origines des samoura\u00efs.Il s&#8217;agit d&#8217;une m\u00e9thode de self-d\u00e9fense qui englobe une vari\u00e9t\u00e9 de techniques de combat, \u00e0 mains nues et avec armes, utilisant \u00e0 la fois les parades et esquives, les frappes, les projections, les luxations, les strangulations et les immobilisations, \u2026 Nos horaires Enfants [&hellip;]<\/p>\n","protected":false},"author":1,"featured_media":0,"parent":0,"menu_order":0,"comment_status":"closed","ping_status":"closed","template":"","meta":{"footnotes":""},"class_list":["post-1551","page","type-page","status-publish","hentry"],"_links":{"self":[{"href":"https:\/\/jujutsu-rebecq.be\/index.php\/wp-json\/wp\/v2\/pages\/1551","targetHints":{"allow":["GET"]}}],"collection":[{"href":"https:\/\/jujutsu-rebecq.be\/index.php\/wp-json\/wp\/v2\/pages"}],"about":[{"href":"https:\/\/jujutsu-rebecq.be\/index.php\/wp-json\/wp\/v2\/types\/page"}],"author":[{"embeddable":true,"href":"https:\/\/jujutsu-rebecq.be\/index.php\/wp-json\/wp\/v2\/users\/1"}],"replies":[{"embeddable":true,"href":"https:\/\/jujutsu-rebecq.be\/index.php\/wp-json\/wp\/v2\/comments?post=1551"}],"version-history":[{"count":15,"href":"https:\/\/jujutsu-rebecq.be\/index.php\/wp-json\/wp\/v2\/pages\/1551\/revisions"}],"predecessor-version":[{"id":1884,"href":"https:\/\/jujutsu-rebecq.be\/index.php\/wp-json\/wp\/v2\/pages\/1551\/revisions\/1884"}],"wp:attachment":[{"href":"https:\/\/jujutsu-rebecq.be\/index.php\/wp-json\/wp\/v2\/media?parent=1551"}],"curies":[{"name":"wp","href":"https:\/\/api.w.org\/{rel}","templated":true}]}}