{"id":40,"date":"2015-06-11T15:44:54","date_gmt":"2015-06-11T13:44:54","guid":{"rendered":"http:\/\/localhost:8080\/wordpress\/?page_id=40"},"modified":"2024-11-12T09:59:58","modified_gmt":"2024-11-12T08:59:58","slug":"signification-de-lecusson","status":"publish","type":"page","link":"https:\/\/jujutsu-rebecq.be\/index.php\/signification-de-lecusson\/","title":{"rendered":"Signification de l&#8217;\u00e9cusson"},"content":{"rendered":"<p style=\"text-align: center;\"><strong>SYMBOLIQUE DE L&#8217;ECUSSON DU CLUB<\/strong><br \/>\n<a href=\"http:\/\/www.jujutsu-rebecq.be\/wp-content\/uploads\/2015\/06\/ecusson.png\"><img loading=\"lazy\" decoding=\"async\" class=\" size-medium wp-image-85 aligncenter\" src=\"http:\/\/www.jujutsu-rebecq.be\/wp-content\/uploads\/2015\/06\/ecusson-202x300.png\" alt=\"ecusson\" width=\"202\" height=\"300\" align=\"middle\" \/><\/a><\/p>\n<p style=\"text-align: justify;\">Dans la tradition de l&#8217;Extr\u00eame-Orient, le dragon jouit d&#8217;une immense consid\u00e9ration et on lui attribue quatre bienfaits : la richesse, la vertu, l&#8217;harmonie et la long\u00e9vit\u00e9.<\/p>\n<p style=\"text-align: justify;\">L&#8217;\u00e9cusson du JU-JUTSU CLUB REBECQ repr\u00e9sente deux dragons noirs parfaitement sym\u00e9triques se faisant face dans un cercle de feu. Il s&#8217;agit du pratiquant face \u00e0 son ego, cette partie de lui-m\u00eame qui lui \u00e9chappe, qu&#8217;il ne conna\u00eet ni ne contr\u00f4le, qui le fait penser, r\u00e9fl\u00e9chir, calculer, qui g\u00e8re ses \u00e9motions et qui le rend petit, souvent pusillanime et mesquin.<\/p>\n<p style=\"text-align: justify;\">Par l&#8217;apprentissage et la r\u00e9p\u00e9tition inlassable des techniques martiales, qui engagent le corps tout entier et le mental, et qui se laissent d\u00e9couvrir au fur et \u00e0 mesure d&#8217;une progression bas\u00e9e sur la raison, l&#8217;effort et l&#8217;ouverture d&#8217;esprit, le pratiquant cherche \u00e0 vaincre son ego afin d&#8217;atteindre la lumi\u00e8re et l&#8217;harmonie repr\u00e9sent\u00e9es par le cercle de feu. Enfin lib\u00e9r\u00e9, il peut jouir des bienfaits du dragon et adopter, en toute circonstance, l&#8217;attitude juste, le geste juste, la pens\u00e9e juste et la parole juste, pour atteindre l&#8217;id\u00e9al d&#8217;ascension de la conscience qui est celui de l&#8217;humanit\u00e9 depuis ses premiers balbutiements et trouver au fond de lui le chemin de son propre \u00e9panouissement.<\/p>\n","protected":false},"excerpt":{"rendered":"<p>SYMBOLIQUE DE L&#8217;ECUSSON DU CLUB Dans la tradition de l&#8217;Extr\u00eame-Orient, le dragon jouit d&#8217;une immense consid\u00e9ration et on lui attribue quatre bienfaits : la richesse, la vertu, l&#8217;harmonie et la long\u00e9vit\u00e9. L&#8217;\u00e9cusson du JU-JUTSU CLUB REBECQ repr\u00e9sente deux dragons noirs parfaitement sym\u00e9triques se faisant face dans un cercle de feu. Il s&#8217;agit du pratiquant face [&hellip;]<\/p>\n","protected":false},"author":1,"featured_media":0,"parent":0,"menu_order":0,"comment_status":"closed","ping_status":"closed","template":"","meta":{"footnotes":""},"class_list":["post-40","page","type-page","status-publish","hentry"],"_links":{"self":[{"href":"https:\/\/jujutsu-rebecq.be\/index.php\/wp-json\/wp\/v2\/pages\/40","targetHints":{"allow":["GET"]}}],"collection":[{"href":"https:\/\/jujutsu-rebecq.be\/index.php\/wp-json\/wp\/v2\/pages"}],"about":[{"href":"https:\/\/jujutsu-rebecq.be\/index.php\/wp-json\/wp\/v2\/types\/page"}],"author":[{"embeddable":true,"href":"https:\/\/jujutsu-rebecq.be\/index.php\/wp-json\/wp\/v2\/users\/1"}],"replies":[{"embeddable":true,"href":"https:\/\/jujutsu-rebecq.be\/index.php\/wp-json\/wp\/v2\/comments?post=40"}],"version-history":[{"count":1,"href":"https:\/\/jujutsu-rebecq.be\/index.php\/wp-json\/wp\/v2\/pages\/40\/revisions"}],"predecessor-version":[{"id":1539,"href":"https:\/\/jujutsu-rebecq.be\/index.php\/wp-json\/wp\/v2\/pages\/40\/revisions\/1539"}],"wp:attachment":[{"href":"https:\/\/jujutsu-rebecq.be\/index.php\/wp-json\/wp\/v2\/media?parent=40"}],"curies":[{"name":"wp","href":"https:\/\/api.w.org\/{rel}","templated":true}]}}